221
In base 2, what is 10101110111 + 10101111?
11000100110
In base 8, what is -7 - 6061?
-6070
In base 13, what is -12 - 310?
-322
In base 13, what is 59 + -15a?
-101
In base 3, what is 2010110 - -11212?
2022022
In base 4, what is -10221 - -13211?
2330
In base 7, what is -15 + -15512?
-15530
In base 14, what is 5 - -c664?
c669
In base 12, what is 1 - -53b6a?
53b6b
In base 3, what is -1 - -112012?
112011
In base 14, what is 78 - 2d43?
-2ca9
In base 8, what is 10376 - 1?
10375
In base 11, what is 3872 - 30?
3842
In base 2, what is 1110111 - 10101100101?
-10011101110
In base 8, what is -376246 - 0?
-376246
In base 3, what is -100 - -11110021?
11102221
In base 6, what is 2 - 5410?
-5404
In base 12, what is 1014 + -2a?
ba6
In base 5, what is 142300040 + 2?
142300042
In base 13, what is -137 + 1b?
-119
In base 16, what is 5 - -cc74?
cc79
In base 4, what is -20110 - -2022?
-12022
In base 9, what is -5 + 813074?
813068
In base 3, what is 1202 - 201002?
-122100
In base 9, what is 2841 + 4?
2845
In base 3, what is 10221 - 22020201?
-22002210
In base 9, what is 4 - 1206141?
-1206136
In base 16, what is -2262d1 - 2?
-2262d3
In base 10, what is -8 + -5956?
-5964
In base 14, what is -609d + 32?
-606b
In base 13, what is 762 - -6?
768
In base 6, what is -1430 - 3010?
-4440
In base 13, what is 0 + 4310?
4310
In base 9, what is 154 + 4188?
4353
In base 4, what is 11 - -10110032?
10110103
In base 3, what is -201022022 + 1010?
-201021012
In base 6, what is 3040 - -4205?
11245
In base 11, what is 6 + -9252?
-9247
In base 7, what is 2 - 3450?
-3445
In base 12, what is 85 + 108?
191
In base 14, what is -16a + -4a?
-1b6
In base 6, what is 25 + -521420?
-521351
In base 16, what is -4 - 1f6f3?
-1f6f7
In base 2, what is 1000111011110 - 1010?
1000111010100
In base 4, what is -10023 - 20110?
-30133
In base 13, what is 2 + 3a502?
3a504
In base 8, what is -10005 - -5?
-10000
In base 10, what is 26997 - -18?
27015
In base 4, what is 10 + -1113231?
-1113221
In base 3, what is -222 + -2122201?
-2200200
In base 12, what is -5 - 2b18a0?
-2b18a5
In base 6, what is -103 - 11033?
-11140
In base 6, what is -135 - 1455?
-2034
In base 14, what is 5a72c - 2?
5a72a
In base 10, what is -204432 + 3?
-204429
In base 13, what is 3 + -135956?
-135953
In base 12, what is -1678 + 40?
-1638
In base 8, what is 40 - 4311?
-4251
In base 15, what is 3d4 + -1c?
3b7
In base 9, what is 14847 + 2?
14850
In base 2, what is -111000 - 100001101001110?
-100001110000110
In base 13, what is 962 + 8b?
a20
In base 2, what is 11111001000001 + -101?
11111000111100
In base 4, what is -3 - 1232020?
-1232023
In base 16, what is -b7 - -32a?
273
In base 8, what is 36 + -604?
-546
In base 11, what is -72 - -2a2?
230
In base 13, what is 3 + 136a?
1370
In base 10, what is -962 + 49?
-913
In base 11, what is -8a6a2 - -13?
-8a68a
In base 14, what is 1 + 543a?
543b
In base 8, what is -340710 + 7?
-340701
In base 4, what is 1111 - 203221?
-202110
In base 15, what is 9 - -13e4?
13ed
In base 11, what is -8006 - 1?
-8007
In base 3, what is -2210122 - 222?
-2211121
In base 13, what is -55c + -67?
-5c6
In base 13, what is -391b92 - -5?
-391b8a
In base 2, what is 101010101010100110 + -100?
101010101010100010
In base 8, what is -4563 + 51?
-4512
In base 7, what is 4313521 + 2?
4313523
In base 12, what is 63 + 9986?
9a29
In base 4, what is 22102021 - 12?
22102003
In base 3, what is 2111 + -2101010201?
-2101001020
In base 14, what is 3943c - -6?
39444
In base 16, what is -1 + 1834c?
1834b
In base 6, what is 55043 + -22?
55021
In base 2, what is -1101000 + 1100110011101?
1100100110101
In base 10, what is -2569 - 13?
-2582
In base 4, what is 301 - 23031?
-22130
In base 3, what is 1 - -21110221201?
21110221202
In base 6, what is -44 - -3253?
3205
In base 12, what is -60330a + -4?
-603312
In base 5, what is 211233 - -400?
212133
In base 2, what is -100 - -101101110000111111?
101101110000111011
In base 3, what is -1 - -2022212100?
2022212022
In base 10, what is 8604 + -5?
8599
In base 16, what is a45 - 26?
a1f
In base 14, what is -c10 + -93?
-ca3
In base 15, what is 86e - -74?
8e3
In base 3, what is 0 + -111112111000?
-111112111000
In base 2, what is -1001000001100 - -1000001?
-1000111001011
In base 9, what is -16 + -514?
-531
In base 3, what is -22212121201 - -11?
-22212121120
In base 11, what is 503 - 4843?
-4340
In base 13, what is -186bc - 5?
-186c4
In base 11, what is -13 + -8120?
-8133
In base 5, what is 23 + 142124?
142202
In base 15, what is -1ae58 + -7?
-1ae60
In base 14, what is 1d65 + 18?
1d7d
In base 5, what is 2224000 - -1034?
2230034
In base 4, what is -112130331 + 113?
-112130212
In base 7, what is -13636 - -6?
-13630
In base 3, what is -11211 - 1101002121?
-1101021102
In base 2, what is 11001111110 - 1000111101?
10001000001
In base 3, what is -1010100 + 20?
-1010010
In base 2, what is -11111001100110 - 1?
-11111001100111
In base 6, what is -2323200 - -2?
-2323154
In base 11, what is -58 + 49a5?
4948
In base 10, what is 578 - 2643?
-2065
In base 3, what is 11 + -12020101122?
-12020101111
In base 6, what is -22021 - -15?
-22002
In base 2, what is 1010100010 - 11?
1010011111
In base 15, what is 2 + 3213?
3215
In base 6, what is -251410 + -10?
-251420
In base 12, what is 0 + -872?
-872
In base 6, what is -1023144 + 5?
-1023135
In base 15, what is 2 - 30d3?
-30d1
In base 10, what is -113 - -3391?
3278
In base 12, what is 993337 + 5?
993340
In base 4, what is 100020 - -302?
100322
In base 14, what is 210 + 156?
366
In base 11, what is -2 - 33a5?
-33a7
In base 15, what is -3c916 - 5?
-3c91b
In base 10, what is 155815 + -4?
155811
In base 5, what is -112444444 + 3?
-112444441
In base 12, what is -2 - 60a0b?
-60a11
In base 12, what is 32605 - -16?
3261b
In base 5, what is 4 + 130343?
130402
In base 12, what is 6 + 3960?
3966
In base 7, what is 1 - 4400655?
-4400654
In base 10, what is 161 - -2894?
3055
In base 7, what is 11 - 1046?
-1035
In base 7, what is 3643 - -10?
3653
In base 6, what is 502 + -5415?
-4513
In base 9, what is 3043 - 111?
2832
In base 11, what is -1 - -177558?
177557
In base 7, what is -51604 + 2?
-51602
In base 14, what is -12964 + -13?
-12977
In base 5, what is -20 + -24414?
-24434
In base 4, what is 230022 - 3?
230013
In base 8, what is 24330 - 162?
24146
In base 14, what is 401 + 49?
44a
In base 10, what is -245142 + 4?
-245138
In base 4, what is 32 - 11021311?
-11021213
In base 6, what is -41532 - -24?
-41504
In base 4, what is -100100 - -1023?
-33011
In base 3, what is -21 - 1222112?
-1222210
In base 14, what is 9a62c - 3?
9a629
In base 2, what is -100100 + 1100001110100?
1100001010000
In base 11, what is -33aa6 - -6?
-33aa0
In base 6, what is 1 + 32055?
32100
In base 16, what is 5b - 494?
-439
In base 2, what is 11011 - -100001100011?
100001111110
In base 13, what is -1 + 3163?
3162
In base 5, what is 3301 + 2411?
11212
In base 14, what is -3 - 1d59?
-1d5c
In base 10, what is -3242 + -1769?
-5011
In base 4, what is -1012123222 - 11?
-1012123233
In base 9, what is 0 + 108577?
108577
In base 4, what is 1 + -2022011?
-2022010
In base 11, what is -4277 - -15?
-4262
In base 5, what is 3 - 243220023?
-243220020
In base 13, what is -40 + -995?
-a05
In base 8, what is 754 - -1?
755
In base 12, what is -367 + -859?
-1004
In base 16, what is -d + 6cf?
6c2
In base 7, what is -122 + 262655?
262533
In base 11, what is 613 - 318?
2a6
In base 7, what is 5120433 - -2?
5120435
In base 3, what is -2101101 + -10022?
-2111200
In base 9, what is 24 - 33788?
-33764
In base 14, what is a52 + 85?
ad7
In base 5, what is -10324011 + 2?
-10324004
In base 4, what is 2 - -2313321?
2313323
In base 6, what is 15 - -2133425?
2133444
In base 12, what is 2 - 207649?
-207647
In base 6, what is 30 - 10050?
-10020
In base 4, what is -10 + -101223222?
-101223232
In base 13, what is c62a + -18?
c612
In base 11, what is 31 - 370?
-33a
In base 2, what is 101101101 - -111001010?
1100110111
In base 5, what is 43 + -311432?
-311334
In base 15, what is 0 - -16781?
16781
In base 11, what is 27 - 2517?
-24a0
In base 14, what is -87c22 + 11?
-87c11
In base 5, what is 1 + -344331?
-344330
In base 10, what is -5 - -794?
789
In base 13, what is 65b + -28?
633
In base 9, what is 465632 + -4?
465627
In base 14, what is 16178 + -1?
16177
In base 6, wha